32498667 prime?
False
Is 998529787 prime?
True
Is 6957857573 prime?
False
Is 2237192113 prime?
False
Is 676403569 prime?
False
Is 15724118827 composite?
True
Is 6285231739 a composite number?
True
Is 7162953649 a prime number?
False
Is 6055535311 composite?
True
Is 295514903 composite?
True
Is 15472450529 a prime number?
True
Is 1909022069 composite?
False
Is 4061759983 a composite number?
False
Is 623230193 a prime number?
False
Is 174616891 composite?
True
Is 762959689 a composite number?
True
Is 15913602923 composite?
False
Is 6085285501 a prime number?
False
Is 121208041949 composite?
False
Is 405768778 composite?
True
Is 729440681 composite?
True
Is 158939493913 a composite number?
True
Is 81145373 a composite number?
False
Is 73776902461 a composite number?
False
Is 3887706871 a composite number?
False
Is 7154273573 prime?
True
Is 5496286217 prime?
True
Is 25133728861 a composite number?
False
Is 383349251 composite?
True
Is 103590265399 a composite number?
True
Is 756895807 a prime number?
True
Is 7776351029 prime?
True
Is 15050796697 a prime number?
False
Is 530654741 prime?
True
Is 3894148397 a composite number?
True
Is 3063523361 a composite number?
False
Is 1982020177 prime?
False
Is 493337599 a composite number?
False
Is 14514727567 prime?
True
Is 8029989907 prime?
False
Is 1412249147 a composite number?
False
Is 6488801497 a composite number?
False
Is 81022396379 prime?
False
Is 2995612441 a prime number?
True
Is 31718215873 composite?
True
Is 38716388023 composite?
True
Is 2755866323 prime?
False
Is 48636823 composite?
True
Is 1265417773 a prime number?
False
Is 22687677781 a composite number?
True
Is 5925843593 a composite number?
True
Is 19429367599 a composite number?
True
Is 7260549943 a composite number?
True
Is 5074981603 prime?
True
Is 2215691579 prime?
False
Is 5598249211 a composite number?
False
Is 742449107 composite?
True
Is 5865429667 a composite number?
False
Is 5066067301 composite?
False
Is 1150240205 a prime number?
False
Is 622946353 a composite number?
False
Is 6550617071 composite?
True
Is 2314348901 prime?
True
Is 1291409907 a prime number?
False
Is 632092927 composite?
False
Is 7320815507 prime?
False
Is 145112438 composite?
True
Is 1398361013 prime?
False
Is 4452227467 a prime number?
True
Is 1289484437 a composite number?
False
Is 110666561729 a prime number?
True
Is 2999573737 composite?
False
Is 3257568973 composite?
False
Is 1866268037 prime?
True
Is 275575291 a prime number?
False
Is 132478949 composite?
True
Is 820924057 a prime number?
False
Is 10609088563 a composite number?
True
Is 774092873 a prime number?
False
Is 467913139 composite?
True
Is 105855919502 a prime number?
False
Is 24718910033 a composite number?
True
Is 675311461 prime?
False
Is 177596281 prime?
True
Is 62583922049 a prime number?
False
Is 255575371 prime?
True
Is 155445763 prime?
False
Is 24795059543 prime?
True
Is 19170409147 a prime number?
True
Is 33517154887 prime?
False
Is 1739560723 a prime number?
False
Is 39496809629 a prime number?
True
Is 2588601313 a prime number?
False
Is 167312634409 a composite number?
True
Is 1151073659 prime?
True
Is 9447088523 a composite number?
False
Is 158925199 composite?
False
Is 711964597 a prime number?
True
Is 13047376003 prime?
False
Is 684167357 a composite number?
False
Is 8110248703 a prime number?
True
Is 1041121721 composite?
True
Is 89607616453 a composite number?
False
Is 5462049121 a prime number?
True
Is 2277688151 a composite number?
False
Is 25855582201 a prime number?
True
Is 170685707 composite?
True
Is 27763485013 a composite number?
True
Is 161668938679 a composite number?
False
Is 2319127409 a composite number?
False
Is 11434227913 a composite number?
False
Is 101626652081 a composite number?
False
Is 36207015643 a composite number?
True
Is 8528191955 a composite number?
True
Is 186316366099 a prime number?
True
Is 23819737141 a prime number?
True
Is 1828932611 prime?
False
Is 6980567401 a prime number?
True
Is 144800217929 a prime number?
False
Is 4256951431 a composite number?
False
Is 38164285069 composite?
False
Is 68404362071 a prime number?
False
Is 81102473399 a composite number?
False
Is 5665409509 a prime number?
True
Is 6284797133 a prime number?
False
Is 1132385131 a prime number?
False
Is 61936631323 a prime number?
False
Is 14168325449 composite?
False
Is 433814803 prime?
True
Is 33637717793 a prime number?
False
Is 6316204001 prime?
True
Is 34889227657 prime?
False
Is 48023909827 a prime number?
False
Is 4103910989 composite?
False
Is 12182089319 prime?
False
Is 2611832231 composite?
True
Is 143496299 composite?
False
Is 11705218843 a composite number?
True
Is 7822531267 prime?
False
Is 65029219 prime?
False
Is 7560361817 a composite number?
False
Is 32287969849 prime?
True
Is 4853685073 prime?
False
Is 1697466271 composite?
False
Is 11400664663 prime?
True
Is 8635312547 a composite number?
False
Is 1829612111 composite?
True
Is 376551073 composite?
True
Is 37069337141 composite?
False
Is 3704704981 a composite number?
False
Is 14734361111 composite?
True
Is 4837323901 prime?
False
Is 62470512173 a composite number?
False
Is 18522548729 a composite number?
False
Is 624220607 prime?
False
Is 123504797909 prime?
False
Is 1809041635 a composite number?
True
Is 2016690677 a prime number?
False
Is 1455340253 prime?
True
Is 1783068713 a prime number?
False
Is 1598120977 composite?
False
Is 2932642019 prime?
False
Is 21666576545 a composite number?
True
Is 288849331 prime?
True
Is 4732060111 a composite number?
False
Is 6787296809 a prime number?
True
Is 68221073883 a composite number?
True
Is 11916656467 composite?
False
Is 1654135943 a prime number?
False
Is 7207513541 a prime number?
False
Is 16305070727 prime?
False
Is 233904703 a composite number?
True
Is 767106619 prime?
True
Is 7969601443 composite?
True
Is 3265046467 a prime number?
False
Is 14758828501 prime?
False
Is 3209646277 a composite number?
False
Is 380673647 prime?
True
Is 1563206471 a composite number?
False
Is 18600213623 a composite number?
False
Is 185074660219 composite?
True
Is 6733668217 composite?
True
Is 777935911 prime?
True
Is 3066715879 prime?
False
Is 68485604527 composite?
True
Is 10822433 a prime number?
True
Is 1034575271 a composite number?
False
Is 593254477 a composite number?
True
Is 4493674177 a composite number?
False
Is 725086067 a composite number?
False
Is 348570380609 a composite number?
True
Is 108680200385 a composite number?
True
Is 16843220587 prime?
False
Is 11172858673 a prime number?
True
Is 1594100089 prime?
True
Is 380795281 a prime number?
True
Is 52978241 a composite number?
False
Is 87971813 prime?
False
Is 71704438607 prime?
False
Is 429563447 a prime number?
True
Is 135856033 a prime number?
True
Is 5363151617 composite?
False
Is 329095541 composite?
False
Is 34708994443 a prime number?
True
Is 90411161 a prime number?
True
Is 66224142571 a composite number?
True
Is 1014948547 a composite number?
True
Is 8693978621 a composite number?
False
Is 189285821 composite?
True
Is 985839713 composite?
True
Is 7739409761 a prime number?
True
Is 368309999 a composite number?
False
Is 2252191033 a prime number?
True
Is 2579138047 a prime number?
True
Is 5385668401 a prime number?
False
Is 3558624983 a composite number?
False
Is 103825183987 a prime number?
False
Is 2031231 a composite number?
True
Is 9102077923 composite?
False
Is 3751115741 prime?
True
Is 1936583393 prime?
False
Is 6181103739 composite?
True
Is 2732185021 composite?
True
Is 24594142109 prime?
True
Is 27190236629 composite?
False
Is 1102226207 a composite number?
False
Is 2031719363 prime?
True
Is 14094464639 a composite number?
True
Is 1034659861 a prime number?
True
Is 2325096463 a composite number?
False
Is 32892683 a composite number?
True
Is 365858219 prime?
False
Is 191741683 prime?
False
Is 1108961587 composite?
True
Is 203564453 prime?
True
Is 1443993493 a composite number?
False
Is 3809060531 composite?
False
Is 194060561 a composite number?
True
Is 19107737521 prime?
True
Is 69747520333 a prime number?
False
Is 612624547 composite?
False
Is 215078021 prime?
True
Is 2873433461 composite?
True
Is 42887803721 prime?
False
Is 8840984401 composite?
False
Is 7515269617 composite?
False
Is 75473